 - 4 = 0. Suppose 3*b + 148 = 3*g + w*g, -3*b = 5*g - 142. What is the units digit of g?
9
Let x(f) = 10*f**2 + 22*f + 12. Let i = -127 - -132. What is the hundreds digit of x(i)?
3
Let l = -3761 + 6178. What is the units digit of l?
7
What is the ten thousands digit of 1*(71942 - -3)*8/10?
5
Let d be (-6)/(-18)*(1 - -5). Suppose 0*q = q - d*x - 6, 0 = -4*q - 3*x - 9. Suppose q = 4*j + b - 281 - 71, -88 = -j + 2*b. What is the units digit of j?
8
Suppose -3*p = 3*g + 6, -2*p = -p - g. Let r(v) = 0*v + 166*v**2 - v - 74*v**2. What is the units digit of r(p)?
3
Suppose -2*m + 3 + 15 = -3*b, -2*b + m - 11 = 0. Let g(o) = o**2 - o + 5. Let s be g(b). What is the units digit of 10/(-6)*(-30)/s?
2
Let g(h) = 10*h**3 - 10*h**2 + 31*h - 23. Let n be g(9). Suppose -12*z = 1012 - n. What is the tens digit of z?
7
Let w(g) be the second derivative of -g**4/12 - 25*g**3/3 - 12*g**2 + 111*g. What is the units digit of w(-20)?
6
Suppose z + 4*k - 1317 = -240, 2*z = -2*k + 2118. What is the thousands digit of z?
1
Suppose 20*y + y + 210 = 0. What is the units digit of (-1 + 9 + y)/((-2)/71)?
1
Suppose -7 = -3*k + 5*o - 17, 2 = -3*k + o. Suppose 4*h - 610 - 834 = k. What is the units digit of h?
1
Let z(q) = q**3 - 7*q**2 + 5*q + 11. Let x be z(6). Suppose 0*u - 3*u + 6 = 0. What is the tens digit of (-2149)/(-35) - u/x?
6
Let n(d) = -d + 20. Let g be n(16). Suppose -4*m - 1 = 15. What is the tens digit of (-12)/g + 78 - m?
7
Let t(h) = h - 15. Let b be t(9). Let q be (2/(-3))/(b/1269). Suppose -q = -4*a + 427. What is the hundreds digit of a?
1
What is the tens digit of (159*(10 + -2 - 7))/((-2)/(-6))?
7
What is the thousands digit of (-30)/5 + 2/7 + 45464/28?
1
Let w = 4882 - 4515. What is the tens digit of w?
6
Let s be 102554/141 - (-4)/6. Suppose 0 = -2*a + 3*p + s, -3*a + p - 515 = -1600. What is the hundreds digit of a?
3
Suppose 0 = -9*c + 2*c - 7. Let q be (6 - 2) + (c - 0). Suppose 3*n - q*s = 51, 5*n = s + 10 + 55. What is the units digit of n?
2
Let k(m) = 42*m**2 + 2*m - 1. Let j be ((-2)/(-10))/(0 + 4/20). Let u be k(j). Let z = 6 + u. What is the tens digit of z?
4
Let m(t) = t**3 - 2*t**2 + 5*t + 6. Let g be m(3). Suppose 12*s - 78 + g = 0. Suppose s*o - 466 = 10. What is the tens digit of o?
1
Let r be ((-27)/(-2))/(3 + 20/(-8)). Suppose 4940 = r*j - 14*j. What is the hundreds digit of j?
3
Let m be (-45 + 0)*(-30)/50. Let f(y) = -8 + 2*y + m*y**2 + 1 + 6. What is the tens digit of f(1)?
2
Let l(h) be the third derivative of 17*h**2 + 5/2*h**3 + 0*h - 9/8*h**4 + 0. What is the hundreds digit of l(-8)?
2
Suppose 0 = 4*o - 7 - 5. Suppose o*s = -5*d + 139, -2*d + 0*s - 2*s + 54 = 0. What is the tens digit of d?
2
Let m(n) = 2*n**3 - 29*n**2 - 20*n + 41. Let v be m(13). Let a = -454 - v. What is the tens digit of a?
7
Let j(a) be the second derivative of a**4/12 + 9*a**2/2 + 9*a. Let c be j(10). Suppose 119 = 3*p - c. What is the tens digit of p?
7
Let i be 1043/(-4) + 0 - 60/(-80). Let f = 472 - 23. Let d = i + f. What is the tens digit of d?
8
Let b = 1651 + -1014. What is the hundreds digit of b?
6
Let c = 108000 + -76681. What is the thousands digit of c?
1
Suppose 23*o + 102 = 27*o - 5*v, 5*v - 150 = -5*o. What is the tens digit of 33509/o - (-6)/(-8)?
9
Let p(g) be the second derivative of g**4/6 - 2*g**3 - 71*g**2/2 + 20*g. What is the hundreds digit of p(-10)?
2
Let i(t) = 7*t + 27. Let s be i(-5). Let f(l) = l**2 - 22*l + 43. Let q be f(20). What is the tens digit of 34 - q/((-12)/s)?
3
What is the units digit of ((44/(-9))/(-11) - 2792/(-36))*30?
0
Suppose -3*n = 2*c - 18670, -n - 5*c + 2240 + 4005 = 0. What is the units digit of n?
0
Suppose -2*h + 4 = 0, -3*o - 109*h + 107*h = -18562. What is the thousands digit of o?
6
Suppose -4622*u = -4643*u + 154413. What is the tens digit of u?
5
Suppose 5*u + 3*s = 289118, -145*u + 138*u + 4*s = -404798. What is the ten thousands digit of u?
5
What is the hundreds digit of 136/(-6)*10140/(-40)?
7
Suppose -5*l - 2 = -6*l. Suppose 0 = 8*c - 12*c - 4*m + 872, -4*c = l*m - 878. What is the hundreds digit of c?
2
Suppose 3*t + 6*b - 5*b - 13716 = 0, -3*t = -3*b - 13716. What is the hundreds digit of t?
5
Let l be (-14020)/(-40)*2*(1 - 0). Suppose -5*d = -4*z - 737 - 1032, 0 = -2*d - 5*z + l. What is the tens digit of d?
5
What is the thousands digit of 1 - (-195818)/6 - -6 - 4/12?
2
What is the hundreds digit of (-29)/(-290)*(35709 + 1)?
5
Suppose 4 = 3*p + 2*h, -5*p = -2*p - h + 2. Suppose -4*w - 4*r + 6796 = p, 2*w + 4*r - 5*r = 3398. What is the hundreds digit of w?
6
Let f = -42 + 73. Suppose 5*y + n - f = 0, y - 2*y + 9 = 3*n. What is the tens digit of y/12*3*46?
6
Suppose -3*z = -3*c - 3, 17*c - 13*c - 8 = 0. Let l be 1 - 0 - (-2 + 3). Suppose 0 + 6 = -i + 3*j, l = -z*i + 2*j + 17. What is the units digit of i?
9
Let h(b) = -16*b**3 - 8*b**2 - 5*b + 28. What is the hundreds digit of h(-6)?
2
Let t be 8/10 - (-1634)/95. Suppose -20*d + 110 = -t*d. Suppose 493 - d = 3*s. What is the units digit of s?
6
Suppose 364382 = 122*r - 672618. What is the thousands digit of r?
8
Let k(a) be the third derivative of 3*a**5/10 + 3*a**4/4 + 11*a**3/6 + 83*a**2. What is the units digit of k(-4)?
7
Suppose 6*o - 2 = 34. Let t be 22/6 + o/(-9). Suppose -t*c + 264 = -0*c. What is the units digit of c?
8
Let c = 19779 - -7720. What is the ten thousands digit of c?
2
Let s(r) = 2*r**2 - 7*r - 51. Let o be s(-6). What is the units digit of (-14)/o + 91/(-9)*-47?
5
Suppose 0 = -186*v + 184*v + 5*x + 41990, 3*v - 2*x = 62952. What is the ten thousands digit of v?
2
Let c(v) = -122*v + 5. Let f = 23 - 19. Let l be (8/(-10))/1*10/f. What is the units digit of c(l)?
9
Let r(t) = 12239*t - 565. What is the units digit of r(2)?
3
Suppose 7*d = u + 98968, -4*u = -2*d - 5*u + 28274. What is the hundreds digit of d?
1
Let i(v) = -v**3 + 7*v**2 - 6*v. Let z be i(6). Let t be (z/10)/(0 - 1). Suppose -3*a + 4*c + 135 = t, -5*a + c = -0*c - 225. What is the tens digit of a?
4
Suppose -143*o + 138*o + 138236 = -2*g, -5*o + 3*g + 138229 = 0. What is the tens digit of o?
5
Suppose -17*h + 12*h + q + 450768 = 0, -2*h = -4*q - 180282. What is the units digit of h?
5
Let f(g) = -12*g**2 - 390*g + 36. What is the thousands digit of f(-28)?
1
Suppose -14*u = -4*h - 11*u + 78335, -h + 19598 = 4*u. What is the thousands digit of h?
9
Let l = -7866 - -11392. What is the hundreds digit of l?
5
Let p be -4*(-1)/5 + (-4)/5. Let a be -3 - (-430)/(p + 2). Let s = 307 - a. What is the tens digit of s?
9
Let m = 116 + -245. Let j = 313 + m. What is the hundreds digit of j?
1
Let g(l) = -2*l**3 - 8*l**2 + 31*l - 4. What is the hundreds digit of g(-14)?
4
Let n(j) = 9148*j - 287. What is the units digit of n(3)?
7
Let o = -1 + -36. Let d = o + 44. Suppose -d*h + 1128 = 253. What is the tens digit of h?
2
Suppose 516815 = 140*a - 624885. What is the units digit of a?
5
Let t(q) = q - 23. Let i be t(23). Suppose i = 21*z - 24*z + 15. Suppose 795 = z*r - 0*r. What is the hundreds digit of r?
1
Suppose 3*f - 5*i - 74755 = 0, 0 = -4*f - 3*i - 3128 + 102811. What is the units digit of f?
0
Let r be -133 + ((-36)/6 - -5). Let q = 271 + r. What is the units digit of q?
7
Let l(o) be the third derivative of -13*o**6/720 - o**5/12 - 13*o**4/8 + 38*o**2. Let b(s) be the second derivative of l(s). What is the tens digit of b(-5)?
5
Let f be ((-9)/6)/((-6)/12). Suppose -3 = -3*v, f*p - 2*p - 1 = v. What is the tens digit of (p*(-6 + 0))/(32/(-272))?
0
Suppose 175*q + 8*q - 4640820 = 444567. What is the thousands digit of q?
7
Suppose 308 = 2*l + 4*f, -3*l = -f - 121 - 376. What is the tens digit of l?
6
Suppose -20301 = -l + 5*h, 2*h - 58733 = -5*l + 42772. What is the ten thousands digit of l?
2
Let c(q) = -8*q**2 + 128*q + 14. Let d = 383 - 373. What is the hundreds digit of c(d)?
4
Let y(j) = j**2 + j. Let q be y(1). Let d = -2751 + 2968. What is the tens digit of (d/21)/(q/6)?
3
Let n be (-8026)/8 - (-2)/(40/5). Let u = 118 - n. What is the hundreds digit of u?
1
Suppose -9*w - 11 - 43 = 0. Let o(i) = 5*i + 33. Let l be o(w). Suppose -130 = -b + 2*q, -2*q + 151 = b + l*q. What is the hundreds digit of b?
1
Let f be (2 - 122)/(-6) - 2. What is the hundreds digit of (-4)/f + 49726/207?
2
Suppose -2*r + 54 = 46. What is the hundreds digit of 240 - (-6)/(-